inder when m(-9) is divided by 14?
13
Suppose 0*h + 4*h - 188 = 0. Suppose 3*g - h = -5. What is the remainder when 41 is divided by g?
13
Let n = 17 - 13. Suppose 22 = n*o - 2*o. What is the remainder when 29 is divided by o?
7
Let y(l) = -2*l - 15. Calculate the remainder when 27 is divided by y(-11).
6
What is the remainder when 34 is divided by (-114)/(-10) - 3/(-5)?
10
Suppose -4*j + 2*j = -84. Suppose 170 = 4*a + 126. Calculate the remainder when j is divided by a.
9
Suppose -3*j + 159 = -0*j. What is the remainder when j is divided by 18?
17
Let b = -26 - -55. What is the remainder when 115 is divided by b?
28
Calculate the remainder when 67 is divided by 8/(-12)*(2 - 59) + -3.
32
Let x(j) = 48*j - 1. Let y be x(1). Let g = -30 + y. Calculate the remainder when g is divided by 6.
5
What is the remainder when (2 + -3)*(-2 - 11) is divided by 2/5 - 33/(-5)?
6
Let c = 15 - 22. Let s = 6 + c. What is the remainder when s/(-4) - 249/(-12) is divided by 8?
5
Let q be -5 + -2 + (-1 - 0). Let v = q + 25. What is the remainder when v is divided by 6?
5
Let q = 87 - 151. Let s = -12 - q. Suppose 0*d = 2*d - s. What is the remainder when d is divided by 9?
8
Let t be 1/(-4) - (-26)/8. Suppose -t*z + 2*z = -7. Calculate the remainder when z is divided by 1/(4/(-6) + (-77)/(-84)).
3
Suppose -i + 21 = -f, 3*i - f = -4*f + 39. Let l = 79 - 43. Suppose 4*a + 9 = p, -p - 2*a - l = -5*p. What is the remainder when i is divided by p?
8
Suppose 20*z - 17*z = 36. What is the remainder when 32 is divided by z?
8
Let t(y) = -3*y - 9. Let f be t(-8). Let g = f - 2. What is the remainder when 23 is divided by g?
10
Let r = 28 + -19. Calculate the remainder when 14 is divided by r.
5
Suppose 7*s - 2*s + 275 = 0. Let m = -18 - s. Calculate the remainder when m is divided by 19.
18
Calculate the remainder when 8 is divided by 52/9 + 2/9.
2
Suppose 0 = 3*i - 11*i + 160. Calculate the remainder when i is divided by 6.
2
Let g(m) = 10*m + 5. Let b be g(-7). Calculate the remainder when 17 is divided by 4/(-14) + b/(-7).
8
Calculate the remainder when 148 is divided by (120/28)/((-22)/(-7) + -3).
28
Suppose 0 = 2*v - 6*v + 32. Let h = 8 - 8. Suppose 3*u + t - 11 - 54 = h, -4*u + 104 = -3*t. Calculate the remainder when u is divided by v.
7
Suppose 3*n + 3*n = 30. Let p be 24/14 - (-6)/21. Let z = n - p. What is the remainder when 6 is divided by z?
0
Let i = -151 - -255. What is the remainder when i is divided by 21?
20
Suppose 2*p - 11 = -5*j, 0*p + 6 = -3*j + 3*p. Calculate the remainder when 39 is divided by j - (2 + 17)/(-1).
19
What is the remainder when (-1 + 0)*(-35)/5 is divided by 4?
3
Suppose -w = 4*w - 10. Suppose 5*x - 1 - 24 = 5*r, 35 = 3*x + w*r. Calculate the remainder when 16 is divided by x.
7
Suppose 3*a = 3*h - 135, -15 = -h - 3*a - 2*a. Let f = 36 - 22. What is the remainder when h is divided by f?
12
Suppose -5*b + 20 = 0, -5*h - 28 = 3*b + 125. Let v = h - -48. What is the remainder when 29 is divided by v?
14
Suppose -284 = -4*p + y, 3*y = 2*p + 4*y - 136. What is the remainder when p is divided by 19?
13
Suppose 0 = -c - 1 + 3. Let v be 57/21 - (-6)/21. Let o = v - c. Calculate the remainder when o is divided by 1.
0
Let r(y) = -7*y**2 - 4*y + 19. Let w(x) = -4*x**2 - 2*x + 10. Let h(k) = -3*r(k) + 5*w(k). What is the remainder when 13 is divided by h(-5)?
5
Suppose -3*j - 2 = r + 9, -3*r + 2*j + 22 = 0. Let d be -1*2 - (-1 - 12). Suppose -29 = -r*k + d. Calculate the remainder when 39 is divided by k.
9
Let y(r) = 3*r**2 + 5*r + 19. Let f(w) = -2*w**2 - 2*w - 10. Let p(z) = 5*f(z) + 3*y(z). What is the remainder when p(5) is divided by 4?
3
Suppose -2*f = -7 - 45. Suppose -4*r + 48 = 5*i, 0 = 4*i - i - 12. Calculate the remainder when f is divided by r.
5
Let m(j) = -2*j - 5. Let x be (1 + -1)*(-4 - -3). Suppose x*h = 4*h - 12. What is the remainder when m(-6) is divided by h?
1
Suppose -3*g - 2*g + 1365 = 0. Suppose 2 = 5*r - g. Calculate the remainder when r is divided by 19.
17
Let d = 11 + -7. Suppose -d = -l + 3. Calculate the remainder when 13 is divided by l.
6
Suppose -134 - 1 = -5*w. What is the remainder when 80 is divided by w?
26
Suppose 0 = -y + 2*a, -5*a - 8 + 2 = -y. Let h = 3 - y. Calculate the remainder when h is divided by 4.
3
Let n = -2 - -2. Suppose 0 = 4*h + 5*d - 90, 5*h - 3*d + 0*d - 94 = n. Calculate the remainder when h is divided by 7.
6
Let d = 8 - 6. Calculate the remainder when d/12 + (-346)/(-12) is divided by 15.
14
Suppose 8*s - 85 = 3*s. Calculate the remainder when s is divided by 4.
1
Let d(w) = w**2 + 7*w - 12. Let c be d(-9). Suppose -46 = -4*t + c. What is the remainder when 38 is divided by t?
12
Let k be -2*((-3)/6 - 0). Let l(g) = 5*g - 3*g + k - 2*g**2 + 21*g**2. What is the remainder when 35 is divided by l(-1)?
17
Let i = 74 + -41. Calculate the remainder when 129 is divided by i.
30
Let d = -17 - -31. Calculate the remainder when 55 is divided by d.
13
Let o be 2 + 3/(-3)*1. Calculate the remainder when 41 is divided by (-2 + -31)*o/(-3).
8
Suppose -3*f = n - 27, n = -5*f + 6*f + 43. Calculate the remainder when n is divided by 9.
3
Let t = -67 - -89. Let o(z) = -z**3 + 4*z**2 + 4*z - 4. Let q = -2 - -6. What is the remainder when t is divided by o(q)?
10
Suppose 4*x - 7 = 25. Let y be 5 - ((-4 - -22) + -6). Let a = x - y. Calculate the remainder when a is divided by 9.
6
Let s(h) = -h**2 + 11*h - 8. Let x be s(7). Let w = x + -13. What is the remainder when w is divided by 4?
3
Calculate the remainder when 67 is divided by (1/2)/(8/368).
21
Let w(c) = c - 12. Let a be w(12). Let p = a + 4. Suppose -p*u + 5 = -3*u. What is the remainder when 13 is divided by u?
3
Suppose f - 25 = -5*v + 6*f, 5*f = 4*v - 23. What is the remainder when 6 is divided by (3 - 2)*6/v?
0
Let p be (-2 - -1)*(-1 - 1). Suppose p*v + 10 = 4*v. Calculate the remainder when 7 is divided by v.
2
Let p(c) = -13*c - 3. Suppose -4*y - 9 - 3 = 0. Let f = 23 + -10. What is the remainder when p(y) is divided by f?
10
Let s(p) = -p**3 + 6*p**2 + 2*p - 2. Suppose -r - 2*y = -4*y - 16, 5*y + 25 = 0. Let d(u) = 3*u**2 - 3*u. Calculate the remainder when s(r) is divided by d(2).
4
Suppose -r + 479 = 4*p, 4*p + 1916 = 4*r - 0*p. Suppose -r = 2*t + t - k, 2*k = -2. Let m = 230 + t. Calculate the remainder when m is divided by 18.
16
Suppose 0 = 3*c - 4*h - 224, 0*h + 2*h + 78 = c. What is the remainder when c is divided by 24?
20
Let m = -43 + 10. Let j = m + 49. Let y = 13 - 7. What is the remainder when j is divided by y?
4
Let v = 134 - 85. What is the remainder when v is divided by (12 - (-1 - 1)) + 3?
15
What is the remainder when ((-870)/(-4))/3*72/30 is divided by 35?
34
Suppose 0 = 5*u - 5*c - 35, 3 = 5*u + 2*c - 4. Let n = u + -5. Let d = n - -8. Calculate the remainder when 10 is divided by d.
4
Let u(a) = -9*a**3 - 2*a - 1. Let t(b) = b**2 - 2*b + 5. Calculate the remainder when t(6) is divided by u(-1).
9
Let s(c) = c**2 + 5*c + 5. Let g = 8 - 4. Suppose -m - 2*m + 43 = g*l, -4*m = -2*l + 38. Calculate the remainder when l is divided by s(-5).
3
Suppose 0*x = 4*j - 4*x - 32, -4*x - 40 = -5*j. Suppose 5*w = 3*y - 51, y - 13 = 6*w - 3*w. What is the remainder when y is divided by j?
6
Let t = 6 - 13. Let g(f) = f**2 + 6*f - 2. Suppose l - 2*l + 25 = 2*y, -2*l - 41 = -3*y. Calculate the remainder when y is divided by g(t).
3
Suppose 5*z - 5*m = -2*m, -5*z + 2*m = -5. Let y = 5 + -1. Calculate the remainder when y is divided by z.
1
Suppose 5*n - 15 - 15 = 0. Suppose -2 = -n*g + 4*g. Calculate the remainder when 2 is divided by g.
0
Suppose 7*i - 4*i = -2*n + 220, -5*i = -5*n + 575. Calculate the remainder when n is divided by 23.
21
Suppose 4 = -6*f + 4*f - 4*s, -3*f + s + 8 = 0. Suppose -2*j + j = -3. Suppose 4 = 4*n - j*n. Calculate the remainder when n is divided by f.
0
Suppose 118 - 174 = -4*c. What is the remainder when 52 is divided by c?
10
Let l(i) = i**2 + 8*i + 15. Suppose -k - 12 = -j, 3*j = j + 3*k + 21. Calculate the remainder when j is divided by l(-7).
7
What is the remainder when 302 is divided by (183*1)/(7 + -4)?
58
Suppose 0 = 5*t - 43 - 62. Calculate the remainder when 54 is divided by t.
12
Suppose 3*y = 4*a - 12, -3*a - 5*y + 32 = -a. Calculate the remainder when 45 is divided by 4/a - (-136)/12.
9
Let x 